 = -l**2 + 2*l + 2. Let x be r(-1). Let i be d(x). Let g(t) = i - 2 - 4 + 2*t. What is g(1)?
2
Let p(b) be the first derivative of -b**3 + b**2 + 4*b + 275. Calculate p(-4).
-52
Suppose 4*h + 3*l - 10 = 44, -2*l - 20 = -2*h. Let u = -12 + h. Suppose -2*w - 3*q = u, -26 = -4*w + 5*q - 4. Let k(o) = o**2 - 3*o + 2. Give k(w).
2
Let p(w) = -44594 + 2*w + 44594. Let f = -62 - -59. Determine p(f).
-6
Let b(s) be the first derivative of -1/2*s**2 - 4/3*s**3 + s + 2 + 1/4*s**4. What is b(4)?
-3
Let v(s) = -10*s**3 - 9*s**3 - 6*s**3 + 24*s**3 + s**2 + s - 7. Suppose k = -k + 8. Let u be (-4)/(-14) + k/(-14). Determine v(u).
-7
Let h(x) be the third derivative of 0 + 1/3*x**3 + 1/60*x**5 - 24*x**2 + 0*x + 1/24*x**4. Give h(2).
8
Let a(z) = z**3 + 12*z**2 + 10*z - 10. Let w be a(-11). Suppose -r + 4 - w = 0. Let q(l) = r*l + 4 - 6 + l**2 + 1. Determine q(-3).
-1
Let x(u) = 25*u**3 + 0 - 14*u**3 - 14*u**3 - 1. What is x(1)?
-4
Let z(f) = -f**2 + 3*f + 3. Let k = -51 + 58. Suppose k = 5*g - 18. Determine z(g).
-7
Let u be 65/39 + 14/6. Let l(y) = 2*y**2 - 4*y - 1. What is l(u)?
15
Let p(a) = 6*a - a - 8 - 5*a - a. Let r(w) = 2*w + 15. Let b(j) = 7*p(j) + 4*r(j). Let d = 8 + -8. Determine b(d).
4
Let s(d) = 28*d + 15. Let z(p) = 52*p + 32. Let j(l) = 11*s(l) - 6*z(l). Give j(-8).
5
Let n be (-2)/((-2)/3) + (21 - 25). Let h(v) = -7*v**3 + v**2 + v - 1. Give h(n).
6
Let y(o) be the second derivative of -4*o**2 + 0 - 1/20*o**5 + 55*o + 4/3*o**3 + 1/2*o**4. Give y(7).
-1
Let a(u) be the first derivative of -u**4/12 + 2*u + 2. Let p(b) be the first derivative of a(b). Suppose 319*s - 310*s = 9. Determine p(s).
-1
Let w(y) be the third derivative of -1/6*y**3 + 0 - 2/15*y**5 + 0*y - 58*y**2 + 1/24*y**4. What is w(1)?
-8
Let m(j) = 32*j. Let b be m(1). Let g = 37 - b. Let d(w) = -w**2 + 6*w - 7. Determine d(g).
-2
Let b(n) be the second derivative of -n**4/12 - 7*n**3/6 - 7*n**2/2 - 19*n - 21. Suppose 2*m = 7*m + 20. Let h be 26/(-6) - m/(-6). Give b(h).
3
Let o(w) = w**2 + 31*w - 1 + 23*w - 53*w + w**3 + 3*w**3. What is o(1)?
5
Let c(t) = -3*t**2 - 8*t**2 - 3*t + 8*t**2 - 4 - 15*t. Give c(-6).
-4
Suppose -6 = h + 2. Let a(m) = m + 7. Let q be a(h). Let l(j) = -4*j**3 - 2*j - 1. Let d(b) = -b**3 + b**2 - b - 1. Let c(n) = 2*d(n) - l(n). Determine c(q).
-1
Let c(p) = -p**3 - 13*p**2 - 11*p + 9. Let m be c(-12). Let q be ((-4)/(-10))/(m/15). Let u(r) = -r. Calculate u(q).
2
Let k(p) = -2*p**2 + 11*p + 7. Suppose -16*n + 43*n - 135 = 0. Calculate k(n).
12
Let t be 2/8*6*(12 + 0). Let s be (4/t + (-16)/72)/(-1). Let v(d) = -d - 9. Calculate v(s).
-9
Let n(c) = 5 + c**3 - 613*c**2 - 8*c + 608*c**2 + 3*c. What is n(4)?
-31
Let r(u) be the third derivative of -u**8/20160 + u**7/5040 - u**6/720 + u**5/15 + 15*u**2. Let n(f) be the third derivative of r(f). What is n(-3)?
-13
Suppose -3*o - 3*c = -0*c + 6, 22 = 5*o - 3*c. Let p(w) = -6*w - 4 + 5 + 4*w**o + w**2 + w**3 + w. Determine p(-6).
-5
Let c(f) = 9*f + 2. Let i(b) = -11*b - 2. Let k(l) = -5*c(l) - 4*i(l). Calculate k(2).
-4
Let h(v) = -74*v**3 + 8 + 71*v**3 - v + 15 - 2*v**2. Let b(j) = 7*j**3 + 5*j**2 + 3*j - 47. Let d(x) = 2*b(x) + 5*h(x). Determine d(0).
21
Let r(m) = -11*m + 51. Let h be r(5). Let l(b) = b**3 + 4*b**2 + b + 1. Give l(h).
-3
Let n(u) = -u + 10. Let r = 3328 + -3311. Determine n(r).
-7
Let u(h) = h + 7. Let s(i) = i - 3. Let j be s(8). Let x(a) = -4. Let n(w) = j*x(w) + 3*u(w). Let q(k) = -k. Let b be q(1). Give n(b).
-2
Let w(u) = -3*u**2 + 8*u + 41. Let c(b) = b**2 + b - 1. Let s(l) = -4*c(l) - w(l). Give s(-8).
-5
Let k(y) = 5*y**2 + 83 - 7*y - 75 + 3*y**2 - 7*y**2. What is k(3)?
-4
Let i be -2*1 - (-27)/9. Let u(s) = -31*s**2 - 10 - i + 32*s**2. Calculate u(0).
-11
Let q(d) = -d**3 - 7*d**2 - 10*d - 14. Let k(j) = j**3 - 10*j**2 - 27*j + 30. Let i be k(12). What is q(i)?
10
Let t(y) = 4*y**2 + 7*y + 6. Let s(r) = -7*r**2 - 14*r - 11. Let j(h) = -3*s(h) - 5*t(h). Let p(c) = 2*c + 15. Let x be p(-11). What is j(x)?
3
Let g(z) = z**3 - z - 8. Let t(w) = w**3 + w**2 - 4*w - 4. Let a be t(-1). Determine g(a).
-8
Suppose 10 = 5*l - 10. Let x be l + 10*(-2)/2. Let o(a) be the second derivative of a**3/6 + 11*a**2/2 + 2*a. What is o(x)?
5
Let t be 6*(-4)/(-3)*(3 + -2). Let k(d) = -d**2 + 8*d - 7. Give k(t).
-7
Let h(q) be the second derivative of -q**5/20 + 7*q**4/12 - 5*q**3/6 - q**2 + q. Let p(y) = -2*y + 11. Let w be p(8). Let m = w - -11. Give h(m).
4
Let r(n) = -11*n**3 - 18*n**2 - n. Let h(x) = 12*x**3 + 20*x**2 + x. Let l(d) = 8*h(d) + 9*r(d). Determine l(-1).
2
Let s(m) be the third derivative of 9*m**6/40 - m**5/60 + m**4/24 - m**3/6 + 381*m**2 - 2*m. Give s(1).
26
Let p = -29 + 31. Let m(g) = -2*g - p*g - 2*g + 7 - g**2 + 2*g. Determine m(-6).
-5
Let p(q) = -3*q**2 - q. Let t(b) = -b. Let v be t(1). Let i be p(v). Let y(l) be the first derivative of l**2 + 26. Give y(i).
-4
Let j = -11 + 20. Let m(p) be the second derivative of p**4/12 - 7*p**3/6 - 4*p**2 - 14*p. Determine m(j).
10
Suppose -4*n - 64 = -4*u - 0*u, 0 = -u + 5. Let x(s) = -s + 1. Let a(c) = 5*c - 4. Let t(h) = n*x(h) - 2*a(h). Let j = 59 - 59. Calculate t(j).
-3
Let z(b) = 6*b - 19. Let x(o) = o. Let d(p) = -5*x(p) + z(p). Let r be d(13). Let y(m) = m + 7. What is y(r)?
1
Let o(p) = -p**2 + p - 4. Suppose -41*h = 22*h - 126. Give o(h).
-6
Let m(o) = -o**2 + 5*o + 18. Let i = 158 - 151. Let y be m(i). Let t(s) = s**3 - 4*s**2 + 3*s - 6. What is t(y)?
6
Let n(k) = 2*k + 2. Let g(a) = -2*a - 2. Let y(o) = 3*g(o) + 4*n(o). Let r = -36 - -50. Suppose -2 = 4*l + r. Calculate y(l).
-6
Let k be 6 + ((-63)/6 - -6). Let r(s) be the first derivative of 4 + 7*s + k*s**2. Give r(-5).
-8
Suppose -96*i = -97*i + 4*n + 1, 3*i + 2*n = 3. Let d(f) = -25*f**3 - 2*f**2 + 1. Determine d(i).
-26
Let v(r) = -19*r - 276 + 262 + 0*r**3 - r**3 + 12*r**2. Give v(10).
-4
Let n(w) = -3*w - 4. Let j be (4/(-5))/(-2)*55. Let l be ((-10)/6)/((-15)/18). Suppose -16 = 2*p + y + y, -4*p = l*y + j. Calculate n(p).
5
Let o(g) = g**2 - 6*g + 5. Let l(y) = -y. Suppose s - 7 = -z + 3*z, -5*z + 4*s - 25 = 0. Let i(c) = z*l(c) + o(c). Calculate i(5).
5
Let x(r) = r + 25. Let b be x(-12). Suppose -4*o = -b - 11. Let v(d) = -o + d - 2 + 3. Calculate v(4).
-1
Let w(j) be the third derivative of 1/60*j**5 + 0 - 1/3*j**3 + 0*j - 1/8*j**4 - 23*j**2. Calculate w(3).
-2
Suppose 6*g - 15 = -3. Suppose -4*l = -3*b - g, -l - 3*b - b = -10. Let u(k) = -17*k**2 - 16*k**2 - 5*k + 6 + 32*k**l. Calculate u(-7).
-8
Let g(w) = 3 + 0 + 59*w - 6 - 61*w - 8. What is g(-6)?
1
Let a(j) = -1 + 12*j + 5*j - 18*j + 9*j. Calculate a(1).
7
Let c(i) = i**2 - 7*i + 4. Let a be (-45)/15 + (-84)/(-2). Suppose -5*y = 3*r - a, y - 16 = -4*r + 2. Determine c(y).
-2
Let x(n) = n - 17. Let y be ((-24)/(-16))/((1 + -6)/(-40)). What is x(y)?
-5
Let j(f) = 53*f - 413. Let g be j(8). Let t(u) = -u**2 + 10*u + 16. Determine t(g).
5
Let t(a) = 32*a + 8. Let m(o) = -47*o - 11. Let c(w) = 5*m(w) + 7*t(w). Calculate c(2).
-21
Let j(a) = 7*a**2 - 4*a + 3. Let r(o) = -10*o**2 + 4*o - 4. Let p(g) = g**2 - g + 1. Let u(x) = p(x) + r(x). Let f(c) = -4*j(c) - 3*u(c). What is f(6)?
3
Let y = 17 - 15. Let u(o) = -11*o + 8*o - 11*o - 3 + 0 - o**y. Let j(d) = -d. Let z(g) = -6*j(g) + u(g). Determine z(-5).
12
Suppose -5*w + 2 = -2*a, 0*w - 20 = -5*w. Let z(l) = -26*l**2 + 14 - 4 - 10*l + 27*l**2. Give z(a).
1
Let j(o) = 5*o - 1. Let s(y) = -12*y + 7. Let d(x) = 13*x - 8. Let a(w) = -6*d(w) - 7*s(w). Let h(k) = -6*a(k) + 7*j(k). Determine h(2).
-3
Let g(d) = d**2 - 12*d + 27. Let r be g(4). Let z(m) = m**2 + 4*m - 7. What is z(r)?
-2
Let n(y) = -2*y - 754 + 5*y + 749. Let u = -5 + 1. Determine n(u).
-17
Let w(j) = -j - 2. Let m be 13/(-4) + (-14)/(-56). Give w(m).
1
Let z(n) = -n**2 + 12*n + 28. Let f be z(14). Let x(j) be the second derivative of -1/2*j**2 + f + 1/3*j**3 + 1/4*j**4 + 3*j. Calculate x(-2).
7
Let j = -72 - -73. Let n(l) be the second derivative of 2*l**3 + l**2/2 + 2*l. Calculate n(j).
13
Let g(k) be the first derivative of -k**4/4 + 4*k**3/3 + 5*k**2/2 - 7*k - 335. What is g(4)?
13
Let o(y) = -6*y - 3. Let a be 7/((-2)/(8/(-4))). Let s(v) = 4*v + 2. Let h(t) = a*s(t) + 5*o(t). Give h(-3).
5
Let t(k) = 2*k**3 - k**2 + 4*k + 11. Let z(x) = 3*x**3 - x**2 + 6*x + 15. Let m(c) = 7*t(c) - 5*z(c). Determine m